s the thousands digit of (-13254)/(-7) - (-160)/280?
1
Let y(i) = 19*i**2 + 5*i + 31. What is the hundreds digit of y(-10)?
8
Let y = 1310 - 728. What is the units digit of y?
2
Let v(h) = -h**3 - 6*h**2 - 4*h + 9. Let y be v(-5). Suppose -2*m + 4 = -4*s + 14, 4*s = -y*m + 16. What is the units digit of m?
1
Let i(o) be the third derivative of 0*o - 2*o**3 - 8*o**2 + 1/30*o**5 + 1/4*o**4 + 0. What is the units digit of i(-6)?
4
Let b(g) = 369*g**2 - 6*g + 6. What is the hundreds digit of b(1)?
3
Let i = 241 + -118. Let q = -224 + 271. Suppose 5*t = -3*n + 195, 5*t - 2*n - i = q. What is the units digit of t?
6
Let h be (2 - 1)/(12/336). What is the tens digit of h/3 - (-40)/60?
1
Suppose 12 - 2 = 5*z. Suppose 0 = -5*i + 3*y + 256, 58 = -z*i + 2*y + 162. What is the units digit of i?
0
What is the tens digit of ((-116)/10)/(96/(-31440))?
9
Let h(n) be the first derivative of 9*n**2/2 - 2*n - 1. Suppose 10*j + 24 - 104 = 0. What is the tens digit of h(j)?
7
Suppose 5*v + 3*f - 3532 = 0, -v + 5*f + 806 = 94. What is the tens digit of v?
0
Let d = -11 - -13. Suppose -q - q - d = 2*r, 3*r - 17 = q. Let a(m) = m**3 - 2*m**2 - m + 2. What is the units digit of a(r)?
0
Let f(n) = 107*n**2 - 16*n - 38. What is the units digit of f(-3)?
3
Suppose -310 = -5*d + r, -3*d - 2*r + 198 = -5*r. Let y be (6/9*-3)/((-5)/10). Suppose -27 = -y*w + d. What is the units digit of w?
2
Let w(t) = t**2 - 8*t + 2. Let n be w(-3). Let g = n + 132. What is the hundreds digit of g?
1
Let v = 11 + -10. Suppose -v = -5*a + 339. Suppose 1 + a = 3*i. What is the tens digit of i?
2
Let i = -110 + 165. What is the units digit of i?
5
Let i(s) = 3*s - 3*s - 16 + 2*s + 2. Suppose 3*x + 4 = 40. What is the tens digit of i(x)?
1
Let v(z) be the third derivative of -z**6/40 - 3*z**5/20 - z**4/12 - 4*z**3/3 + z**2. What is the hundreds digit of v(-5)?
1
Let l be -3 - (-3 - (-3)/(-3)). Suppose m - l = 4. Suppose -x - 5*v + 80 = 3*x, m*v + 40 = 4*x. What is the units digit of x?
5
Suppose -3*p = -q + 230, 4*q - q - 151 = 2*p. Let g = p + 235. What is the tens digit of g?
5
Suppose 0 = -4*k + 9 + 3. Suppose 11 + 19 = 3*g. Suppose -k*h + g = -h. What is the units digit of h?
5
Let p be 2/7 - 330/(-21). Suppose -4*f = 4*j - 2*j - 8, -4*j + p = 5*f. Suppose -24 = -l - 2*h, 62 = 3*l - f*h + 4*h. What is the units digit of l?
4
Let i be -7 + 9 - (67 + -2). Let b = 133 + i. What is the units digit of b?
0
Let p = -1129 + 1456. What is the hundreds digit of p?
3
Let i be (-2)/(-3) + (-26)/(-6). Suppose -i*f = f - 30. What is the units digit of f?
5
Let x be -7*6/(-63)*15*1. Let l(k) = k**2 - 10*k + 20. What is the units digit of l(x)?
0
Suppose -44 = 4*r - 2*k - 2*k, -12 = r - 2*k. What is the units digit of r/40 - 25*(-58)/8?
1
Let m = 6613 - 387. What is the hundreds digit of m?
2
Suppose -6*g = -9*g + 24. Let w = 8 + g. Suppose 2*j - 7 = -q, -7*j + 2*j - 4*q + w = 0. What is the units digit of j?
4
Let x = 189 - -42. What is the tens digit of x?
3
Suppose 4*b = 4 - 8. Let f be (-4)/(-10) + 2/(-5). What is the tens digit of f + b + 1 - -24?
2
Suppose -6*g = 1379 - 11981. What is the units digit of g?
7
Suppose g = -0*g + 2*s + 88, -g + 5*s + 91 = 0. Suppose -2*n + g = -0*n. What is the units digit of n?
3
Suppose v - 6 = 11. Let l = -12 - -20. Let w = v + l. What is the tens digit of w?
2
Let i = 129 + -73. Let w = i - 34. Let k = w - 0. What is the tens digit of k?
2
Let v(n) = -n**3 - 13*n**2 - 14*n + 2. Suppose -9 = -u - 4*l, 5*u - 109 = -0*l - 4*l. Let t be (-290)/u - (-6)/(-15). What is the tens digit of v(t)?
2
What is the units digit of -2 + 14 - ((-2)/2 - -4)?
9
Suppose -5*k + 16 = -34. Suppose 3*g - 8 = k. What is the units digit of (-315)/(-10) + g/(-4)?
0
Let w(b) = -9*b**2 - 5*b - 4. Let y be w(-1). What is the tens digit of ((-855)/20)/(3/y)?
1
Let u be (-1 - (-1 + -3))*1. Suppose -2*a + 0*a + 487 = u*k, 4*a = 3*k + 947. What is the tens digit of a?
3
Let f(q) = 6*q - 2*q**3 + 10 + 9*q**2 + 0*q**2 + 3*q**3. Suppose -14*x - 83 - 29 = 0. What is the tens digit of f(x)?
2
Suppose 7*p = 24 - 10. Suppose -p*g = -g - 284. What is the hundreds digit of g?
2
Let y = -15 - -18. Suppose -g = y*g. Suppose x - 6 + 3 = g. What is the units digit of x?
3
Suppose -2*h - 1279 = -4*q + 1467, -3*q = 4*h - 2043. What is the units digit of q?
5
Suppose 0 = 5*k - 2*k - 4*y - 42, -3*k + 42 = -5*y. Let g = -28 - -68. Suppose m - g - k = 0. What is the tens digit of m?
5
Let l(s) = -s**3 + 3*s**2 + 1. Let q be l(2). Suppose -w + q*t + 74 = -53, -4*t = 2*w - 310. What is the tens digit of w?
4
Let v(z) be the third derivative of -7*z**6/120 - z**5/30 + z**4/12 + z**3/2 + 6*z**2. What is the units digit of v(-2)?
7
What is the hundreds digit of (-44)/(-8)*(5 + 93)?
5
Suppose 48*p - 63 = 45*p. Let y be ((-8)/10)/((-2)/10). Suppose -y*q = -q - p. What is the units digit of q?
7
Suppose w = 5*a + 23, -5*w - 4*a = -0*a + 1. Let s(m) = -m**3 + 5*m**2 + 6*m + 1. Let n be s(6). What is the units digit of (0 - 0) + w - n?
2
Let a(t) = -t**2 + 2*t + 0*t**2 + 4*t + 36 - 18. Let l be a(8). Suppose 0*w - 68 = -l*w. What is the units digit of w?
4
Let m(n) = 4*n + 50. Let w be m(-12). Suppose -w*j - 5 = -3, -5*y + 464 = -4*j. What is the units digit of y?
2
Suppose 16 = 2*l - 4. Let j = 1 - l. What is the units digit of (j/(-5))/((-1)/(-15))?
7
What is the hundreds digit of (-5)/(-175)*21 - (-5864)/10?
5
Let b = -6 + 11. Let t(i) = -4*i - 1 + 2 - b*i + 4*i**2 - 3*i**2. What is the tens digit of t(10)?
1
Let m(i) = 65*i**2 + 10*i + 16 + 64*i**2 - 127*i**2. What is the tens digit of m(-5)?
1
Let d = 532 - 214. What is the hundreds digit of d?
3
Let k = -18 + 21. Suppose -k*r - r - 32 = -3*j, 2*j = -2*r + 26. What is the units digit of j?
2
Suppose 4*z - 148 = -36. Let k = 30 - z. Suppose 2*o - k*m + 7*m - 83 = 0, 2*o + m - 87 = 0. What is the tens digit of o?
4
Let q be (14/(-2))/(-1 + 2). Let p(h) = 0*h + 16*h**2 + 8 + h - 8*h**2 + h**3. What is the units digit of p(q)?
0
Suppose -12*u = -20*u + 8016. What is the thousands digit of u?
1
Suppose 2*l = -4, 8*j - 4*j = -4*l + 20. Let d be 2/(j/(644/8)). Let t = d + -14. What is the units digit of t?
9
What is the tens digit of 3/4 - (-121968)/192?
3
Let o(l) = 11*l**2 - 8*l + 2*l + 2*l + 5 - l. Let a be o(4). Suppose 19 = 5*c - a. What is the tens digit of c?
3
Let f = -3117 - -5302. What is the thousands digit of f?
2
Suppose 2*f - 11 = -s, -2*s + 5*f - 11 = 3. Suppose 4*y = -s*p + p - 46, 3*y + 50 = -2*p. Let m = -24 - p. What is the units digit of m?
7
Let p(f) = 3*f**2 - 5. Let y be p(4). What is the units digit of (y - 3)/4 + 4?
4
Let t = -2087 + 3831. What is the units digit of t?
4
Suppose -12*g + 11*g = -3*h - 206, 198 = g + h. What is the hundreds digit of g?
2
What is the tens digit of ((14 - 2) + 0)*1220/80?
8
Suppose 0 = 61*s - 2212 - 29935. What is the units digit of s?
7
Let w = 34 - 27. Let a(i) = 8*i + 27. What is the tens digit of a(w)?
8
Suppose 79*m = 69*m + 28920. What is the hundreds digit of m?
8
Let s(h) = 7*h**3 + 2*h**2 + h + 9. Let b(x) = 6*x**3 + 2*x**2 + x + 8. Let z(m) = 6*b(m) - 5*s(m). What is the tens digit of z(3)?
5
Let j be 2*3 - (0 - 0). Suppose 8 = -4*x + j*x. What is the tens digit of (86*-1)/((-8)/x)?
4
Let i(g) be the third derivative of -11*g**4/6 + 13*g**3/3 - g**2 + 23*g. What is the hundreds digit of i(-7)?
3
Let n = 69 - 59. Suppose -354 = -n*d + 8*d. What is the hundreds digit of d?
1
Let j(k) = -1 + 4*k + 4 + 5 - 3*k. Let g(w) = w + 5. Let x be g(-9). What is the units digit of j(x)?
4
Let v(z) = -z**3 - 4*z**2 - 15*z - 10. Let c = -50 - -45. What is the units digit of v(c)?
0
Suppose -263 - 14 = -b. Suppose 843 + b = 14*l. What is the tens digit of l?
8
Let i(y) = 2*y**3 - 7*y**2 - 5*y + 32. What is the tens digit of i(8)?
6
Suppose 292 = -9*q - 725. Let y = q + 219. What is the hundreds digit of y?
1
Let s(r) = 65*r + 139. What is the hundreds digit of s(12)?
9
Suppose 5*z - 1840 = -395. What is the tens digit of z?
8
Let w(b) = -b**2 + 14*b + 9. Let g be w(9). Suppose -5*i + 4*q + 444 = 0, 2*q - g = -i + 32. What is the units digit of i?
8
Suppose -q - 3*i - i + 24 = 0, -4 = 2*q - 5*i. Suppose -4*g + 3*w - 7 = -23, -q = -2*w. Suppose 0 = -2*s + g*s - 125. What is the tens digit of s?
2
Suppose 2*f = v + 889, -v + 2233